ulate d(-1).
-17
Let u(w) = 2*w**2 - 121*w + 289. What is u(58)?
-1
Let a(b) = -3*b + 10. Determine a(-5).
25
Let u(i) = -3*i + 45. Determine u(19).
-12
Let i(s) = -9*s + 56. What is i(6)?
2
Let i(k) = 6*k**2 - 19*k - 4. What is i(3)?
-7
Let r(t) = -18*t - 6. Give r(4).
-78
Let d(y) = -3*y + 17. What is d(8)?
-7
Let l(i) = -2*i**3 + i**2 + 9*i - 5. Give l(3).
-23
Let b(x) = 2*x - 44. Give b(14).
-16
Let l(m) = 3*m - 6. Give l(4).
6
Let q(x) = x**2 + 3*x - 6. Give q(-8).
34
Let r(t) = t**2 + 2*t - 30. Give r(-8).
18
Let w(u) = -u**3 - 17*u**2 - 18*u - 5. What is w(-16)?
27
Let q(u) = u**2 + 8*u - 14. What is q(-11)?
19
Let s(p) = -24*p - 1. Give s(2).
-49
Let i(b) = b**2 + 3*b - 2. What is i(-3)?
-2
Let w(f) = f**2 - 5*f - 3. Determine w(-3).
21
Let d(x) = 34*x. What is d(1)?
34
Let x(v) = v**2 - 6*v + 3. What is x(4)?
-5
Let i(v) = 5*v + 17. Calculate i(-2).
7
Let t(b) = -56*b - 4. Calculate t(0).
-4
Let f(x) = -x**2 - 10*x - 9. Determine f(-6).
15
Let l(q) = q**2 - 10*q - 9. Calculate l(13).
30
Let t(c) = -2*c**2 + 18*c + 6. Calculate t(8).
22
Let x(y) = y**3 - 6*y**2 - y + 12. Calculate x(5).
-18
Let c(k) = 2*k**3 + 4*k**2 + 5*k + 5. What is c(-2)?
-5
Let r(a) = a**2 + 14*a - 71. What is r(-18)?
1
Let b(f) = f**3 + 15*f**2 + 39*f + 30. Calculate b(-12).
-6
Let j(h) = -4*h**2 + 4*h - 4. Give j(3).
-28
Let q(i) = -i**3 + 7*i**2 - 12*i + 7. Give q(5).
-3
Let w(u) = u**2 - 9*u - 5. What is w(6)?
-23
Let o(q) = q**3 + 7*q**2 - q - 12. What is o(-7)?
-5
Let q(k) = k**3 + k**2 - k + 2. Calculate q(-2).
0
Let g(p) = p**3 - 4*p**2 - 54*p - 12. Determine g(10).
48
Let o(x) = -3*x - 6. Give o(6).
-24
Let c(l) = 12*l + 3. What is c(-4)?
-45
Let d(y) = y**3 + 15*y**2 + 11*y - 34. What is d(-14)?
8
Let l(x) = -x**3 - 16*x**2 - 14*x + 7. What is l(-15)?
-8
Let q(z) = -z**3 - 5*z**2 + z + 1. What is q(-5)?
-4
Let j(f) = 36*f - 5. What is j(2)?
67
Let t(s) = s**2 - 19*s + 12. What is t(19)?
12
Let g(s) = -2*s**2 - 9*s - 21. Give g(-9).
-102
Let c(m) = -m**3 + 10*m**2 - 9*m + 9. What is c(9)?
9
Let s(y) = -27*y + 38. What is s(1)?
11
Let b(c) = c**2 + 5*c - 13. What is b(0)?
-13
Let u(s) = -s**3 - 6*s**2 + 12*s + 8. Give u(-8).
40
Let q(s) = -s**2 - 22. Give q(3).
-31
Let f(d) = 2*d - 20. What is f(8)?
-4
Let l(q) = -q + 1. Calculate l(-12).
13
Let b(j) = -j**2 + 6*j - 2. Give b(5).
3
Let r(x) = 2*x + 3. Calculate r(2).
7
Let i(u) = 7*u**2 + 1. Calculate i(1).
8
Let s(x) = -x - 14. Calculate s(7).
-21
Let c(u) = -u**3 + 12*u**2 - u + 10. What is c(12)?
-2
Let s(b) = -7*b - 85. Calculate s(-12).
-1
Let f(j) = 2*j**3 + 22*j**2 - 4*j - 9. What is f(-11)?
35
Let z(f) = 23*f - 177. What is z(8)?
7
Let d(m) = m**2 - 6*m - 136. What is d(-8)?
-24
Let s(z) = 7*z**2 - 12. Give s(-4).
100
Let r(f) = -f**2 - 12*f + 13. Give r(-13).
0
Let x(q) = -12*q + 17. Give x(2).
-7
Let m(t) = -t**3 + 5*t**2 + 18*t - 27. Give m(7).
1
Let f(w) = -20*w - 436. Calculate f(-22).
4
Let u(k) = 7*k**3 - k**2 + 8*k + 10. Determine u(-1).
-6
Let j(c) = c**2 - 6*c - 3. Calculate j(7).
4
Let b(z) = -z + 24. Give b(11).
13
Let y(p) = p**3 - 14*p**2 + 13*p + 4. Determine y(13).
4
Let t(o) = -2*o**2 - 36*o - 36. Calculate t(-17).
-2
Let n(h) = -4*h - 84. What is n(-14)?
-28
Let r(v) = -4*v + 56. Determine r(0).
56
Let l(j) = j - 7. Give l(7).
0
Let i(r) = -6*r**2 - 7*r - 4. Determine i(-4).
-72
Let h(v) = 2*v**2 + 8*v + 3. Calculate h(-5).
13
Let p(z) = -6*z + 16. Determine p(0).
16
Let a(v) = -v**3 - 31*v**2 + 29*v - 103. Calculate a(-32).
-7
Let d(q) = -3*q + 31. Give d(13).
-8
Let m(c) = -c**3 + 6*c**2 + 2*c + 4. Give m(3).
37
Let q(s) = -10*s + 156. Determine q(15).
6
Let y(w) = 24*w + 145. Determine y(-6).
1
Let j(u) = -u - 3. Determine j(-6).
3
Let x(g) = 3*g**2 - 5*g + 4. Give x(3).
16
Let x(q) = -50*q**2 + q - 1. Determine x(1).
-50
Let q(i) = 2*i + 21. Calculate q(-7).
7
Let s(j) = j**2 + 21*j - 10. Determine s(-22).
12
Let u(n) = 14*n - 7. Calculate u(2).
21
Let d(b) = 4*b**3 + 20*b**2 + 3*b + 12. Give d(-5).
-3
Let w(k) = -k**3 + 6*k**2 + 6*k. What is w(6)?
36
Let q(t) = t**2 + 6*t - 6. Determine q(-8).
10
Let x(o) = 29*o + 837. Calculate x(-29).
-4
Let j(o) = 4*o + 5. Determine j(-8).
-27
Let l(d) = d**3 + 10*d**2 - d - 15. Give l(-10).
-5
Let t(h) = 12*h + 67. Give t(-6).
-5
Let r(t) = -4*t**3 + 2*t**2 - 3*t + 1. What is r(1)?
-4
Let b(x) = x**3 + 12*x**2 - 12*x + 14. Give b(-13).
1
Let n(m) = -m + 2. What is n(11)?
-9
Let p(n) = -n**2 - 15*n - 1. Give p(-15).
-1
Let z(k) = 2*k - 21. What is z(8)?
-5
Let f(u) = u**3 - 10*u**2 - 9*u + 8. What is f(11)?
30
Let l(d) = -d**2 + 12*d + 44. What is l(-7)?
-89
Let k(h) = 9*h + 39. What is k(-7)?
-24
Let h(t) = t**3 + 6*t**2 + 7*t - 13. Calculate h(-4).
-9
Let z(k) = -17*k**2 + 2*k + 2. What is z(-1)?
-17
Let i(x) = -x**3 - x**2 - 4*x. What is i(-3)?
30
Let d(u) = -u**3 + 5*u**2 - 2*u + 7. Give d(5).
-3
Let o(k) = k**2 - 69. Give o(8).
-5
Let j(o) = 3*o**3 + 47*o**2 - 16*o - 11. Determine j(-16).
-11
Let a(x) = 41*x - 3. Determine a(-1).
-44
Let f(k) = k**3 - 6*k**2 - 2*k + 2. What is f(6)?
-10
Let w(h) = -h + 4. Determine w(-4).
8
Let q(y) = 3*y - 9. What is q(5)?
6
Let c(b) = b**2 - 5*b - 14. Give c(7).
0
Let b(c) = c**2 + 9*c + 6. Give b(-8).
-2
Let v(j) = j**2 - 8*j - 17. Calculate v(7).
-24
Let t(k) = 2*k**2 - 13*k - 3. Calculate t(6).
-9
Let d(v) = v**2 - 30*v - 60. What is d(32)?
4
Let u(c) = 3*c**3 + 23*c**2 + 9*c - 27. Calculate u(-7).
8
Let w(u) = u**3 - 7*u**2 - 3*u + 4. What is w(7)?
-17
Let x(l) = 11*l + 1. Determine x(3).
34
Let v(j) = -j**2 - j - 29. Calculate v(7).
-85
Let b(o) = 4*o + 171. Calculate b(-37).
23
Let t(n) = -n**2 + 2*n + 33. What is t(0)?
33
Let u(w) = 3*w**2 - 4*w - 6. What is u(5)?
49
Let d(s) = -s**2 - 7*s + 2. What is d(-9)?
-16
Let g(i) = 4*i**2 + 6*i + 2. Calculate g(-4).
42
Let c(m) = m**2 - 12*m - 12. Give c(9).
-39
Let a(s) = -s**3 - 16*s**2 + 15*s - 32. What is a(-17)?
2
Let h(t) = t**2 - 5*t + 1. Give h(5).
1
Let t(d) = 6*d + 17. Calculate t(11).
83
Let z(c) = 6*c**2 + 57*c - 13. Determine z(-10).
17
Let z(b) = 6*b - 5. Determine z(-9).
-59
Let u(c) = -3*c + 8. What is u(-12)?
44
Let k(r) = -11*r + 5. What is k(5)?
-50
Let o(d) = 6*d - 26. What is o(4)?
-2
Let g(j) = -3*j - 73. Calculate g(-15).
-28
Let w(f) = 2*f**2 - 15*f - 4. Determine w(8).
4
Let p(i) = 25*i**2 + 2*i - 1. What is p(1)?
26
Let h(j) = -j + 13. Determine h(12).
1
Let q(o) = -o**3 + 7*o**2 + 6*o - 36. Give q(7).
6
Let d(z) = -z**2 + 15*z + 5. Give d(15).
5
Let j(g) = -g**2 - 8*g - 13. Determine j(-4).
3
Let w(h) = h**2 - 32*h - 3. Determine w(32).
-3
Let d(w) = w**3 + 5*w**2 + 8*w + 9. Determine d(-4).
-7
Let m(n) = -n**3 - 2*n**2 - 3*n - 3. Determine m(-3).
15
Let k(u) = 2*u**3 - 28*u**2 + u - 6. Calculate k(14).
8
Let w(y) = -2*y + 3. Determine w(4).
-5
Let d(k) = -k**2 - 9*k + 38. What is d(-11)?
16
Let f(r) = -2*r - 6. Give f(-7).
8
Let b(k) = 13*k - 4. Give b(-3).
-43
Let r(n) = -n**2 + 3*n - 2. Calculate r(14).
-156
Let n(d) = -2*d + 42. Give n(20).
2
Let f(j) = -2*j**2 - 17*j + 20. What is f(-6)?
50
Let p(t) = -7*t + 96. Calculate p(10).
26
Let l(i) = i**3 + 6*i**2 - 8*i - 10. Give l(-5).
55
Let r(z) = z**3 - 3*z**2 + z + 1. Determine r(2).
-1
Let d(t) = -t**3 - 7*t**2 - 4*t + 8. What is d(-4)?
-24
Let y(j) = 15*j**2 + 3*j + 2. Determine y(-1).
14
Let z(q) = 12*q - 9. Determine z(5).
51
Let h(y) = -y**3 - 6*y**2 - 3*y - 15. Give h(-6).
3
Let d(l) = 2*l**2 + 5*l - 4. Give d(2).
14
Let p(f) = f**3 + 6*f**2 + f - 1. Give p(-6).
-7
Let g(z) = -36*z**2 - 178*z + 9. What is g(-5)?
-1
Let q(g) = 54*g - 6. What is q(-1)?
-60
Let z(b) = b**2 + 13*b + 35. Give z(-7).
-7
Let r(h) = -h**2 - 8*h - 2. Determine r(-8).
-2
Let x(v) = v**3 - 12*v**2 + 3*v - 27. Calculate x(12).
9
Let z(f) = -f**3 - 5*f**2 + 5*f + 4. Give z(-6).
10
Let z(x) = -x**3 + 6*x**2 - 3*x + 3. What is z(3)?
21
Let q(v) = -3*v**3 + 75*v**2 + v - 24. Calculate q(25).
1
Let r(d) = -15*d - 124. Calculate r(-5).
-49
Let o(b) = -2*b**2 + 30*b - 21. Determine o(13).
31
Let t(v) = v**3 - 2*v**2 + 3*v - 5. Calculate t(2).
1
Let n(j) = -3*j**3 - 4*j**2 - 7*j - 16. Give n(-3).
50
Let f(o) = -7*o + 56. What is f(9)?
-7
Let d(u) = -2*u**3 + 12*u**2 + 17*u - 6. What is d(7)?
15
Let v(a) = -3*a - 14. Determine v(-6).
4
Let i(h) = -h**2 - 9*h - 31. Calculate i(-8).
-23
Let s(p) = 6